 (-3)/(h/((-2)/(-3))). Suppose -2*q + 4 = -m. What is the units digit of q?
3
Suppose -4*f = 3 - 23. Suppose z - 6 = 4*m + 2*z, -f*m = -4*z - 3. What is the units digit of (-1 + (m - -1))*-3?
3
Let z be 3/9 + 16/(-12) - -2. Let b be (-13)/((-1 - 1) + 1). Suppose y - z = b. What is the tens digit of y?
1
Let j(f) = f**3 - 5*f**2 + 5*f. Let x be j(4). Suppose x*n - 12 = n. What is the units digit of n?
4
Let h be 19/5 + (-1)/(-5). Suppose -h*s = -2*f + 36, -s - 91 = -4*f - 19. What is the tens digit of f?
1
Let g = -124 + 235. What is the units digit of g?
1
Suppose -4*j + w + 205 = 0, 3*j - 2*w - 3*w - 158 = 0. Suppose -5*c = -j + 11. What is the units digit of c?
8
Suppose 16 - 78 = -2*z. What is the tens digit of z?
3
Suppose -4*a = 3*w + 57 + 27, a = -w - 28. Let m = w + 53. What is the units digit of m?
5
Suppose 0*p = -3*p. Let x = 2 - p. What is the units digit of x?
2
Let x = 3 - 0. Suppose -v - x*v = -176. Suppose 3*u - v = -u. What is the units digit of u?
1
Let p(j) = -j**3 - 12*j**2 - 13*j - 12. Let b be p(-11). Let l = -6 + b. What is the units digit of l?
4
Suppose -3*i + 8 = 5*s - 33, 3*i + 2*s = 38. Suppose 5*o + 0*o = 40. Let d = i - o. What is the units digit of d?
4
Suppose 6 = 4*z - 6. Suppose 2*q - z*q = 0. Let o(n) = n + 9. What is the units digit of o(q)?
9
Suppose 3*j + r - 71 = -r, 4*j + 3*r = 94. Suppose -v + j = -9. Suppose b + b = v. What is the tens digit of b?
1
What is the tens digit of 68/(-2)*10/(-4)?
8
Suppose -f + 263 = 3*f - 3*k, -f + 87 = -5*k. What is the tens digit of f?
6
Let c(t) = t**3 + 8*t**2 + 8*t + 5. What is the units digit of c(-5)?
0
Suppose 2*k + 30 = 4*s - 12, 0 = s - k - 13. Let d(q) = q. What is the units digit of d(s)?
8
Let f(r) be the first derivative of -r**4/4 + 4*r**3/3 + 3*r**2 - 6*r - 2. Let i = 15 - 11. What is the units digit of f(i)?
8
What is the units digit of 6/(-4)*24/(-9)?
4
Suppose 2*l - 3*t + 2 = -0*l, -2 = 3*l - 4*t. Let z = 1 + l. What is the units digit of (7 + -3)*z - 2?
0
Suppose -k + 208 = 37. What is the hundreds digit of k?
1
What is the tens digit of ((-12)/21)/((-4)/70)?
1
Suppose 0 = -4*z + 5 + 15. Suppose 0 = 3*o + 5*k - k - 32, -o + 2*k - 6 = 0. Suppose -u + 4 = -o*v - 5*u, 35 = z*v - 3*u. What is the units digit of v?
4
Suppose 2*v + v - 3 = 0. What is the units digit of v?
1
Let r(c) = c**3 + 3*c**2 + 2*c + 3. Let w be r(-2). What is the units digit of (w - (-45)/3)/1?
8
What is the units digit of (29 - -199)/(-1 - -2)?
8
Let c = -141 - -208. What is the tens digit of c?
6
Suppose -4*m + 2*m = -3*c + 181, 4*c - 5*m - 246 = 0. What is the tens digit of c?
5
Let z(b) = -3 + 5*b**3 + 0*b**3 - 4*b**2 + 0*b**2 - 3*b**3 + 4*b. Let i be z(2). Suppose -s - i*r = -10, 4*s - 5*r - 1 = 39. What is the tens digit of s?
1
Suppose 0 = -0*o + 4*o + 16. Let m be o/(-6) + 69/(-9). Let i = m - -11. What is the units digit of i?
4
Suppose 13 + 23 = 3*z. Let x be (-1 + 2/4)*-6. Suppose 3*c + x = z. What is the units digit of c?
3
Let n(u) = 14*u + 5. What is the tens digit of n(3)?
4
Suppose -5*u - 233 = -3*a, -292 = -6*a + 2*a + 2*u. What is the tens digit of a?
7
Suppose -3*x + 125 + 73 = 0. What is the units digit of x?
6
Let q(f) = -f**3 - 3*f**2 + 16*f - 8. What is the tens digit of q(-7)?
7
What is the units digit of (1 - -7)*(10 + (2 - 1))?
8
Let q(u) be the third derivative of u**5/60 - u**4/3 - 13*u**3/6 - 8*u**2. Let m be 4/10 - 96/(-10). What is the units digit of q(m)?
7
Suppose -2*v = 4*g - 12, v - 12 = -6*g + g. Suppose 4*h = g*h. What is the units digit of (1/2 - h)*16?
8
What is the units digit of (-15)/(-10)*4/6?
1
Let s(g) = 7*g - 18. What is the tens digit of s(12)?
6
Let x(k) = -10*k + 3. Let q = -1 + -2. What is the tens digit of x(q)?
3
Suppose 0 = -u + 5*l + 9, 3 = l + 1. Suppose -2 = d - u. What is the units digit of d?
7
Let g(q) = -q**2 + 11*q + 2. Let m be g(9). Suppose -2*l - m = -7*l. What is the units digit of l?
4
Let h(g) = -g**3 + 6*g**2 - g - 5. Let z be h(5). What is the tens digit of (z/(-25))/(2/(-50))?
1
Let l(i) = i + 2. Let c be l(-2). Suppose x = -c*o + o - 4, -o - 2*x + 13 = 0. What is the units digit of o + -9 - 13/(-1)?
1
Let u = -4 + 4. Let z be (u + (-3)/(-6))*8. Suppose 2*q = 3*l - 21, 3*l + 15 = 6*l - z*q. What is the units digit of l?
9
Suppose 0 = w - 4*w + 210. What is the units digit of w?
0
Let w(n) = n**2 + 5*n - 1. Let s be w(-4). Let y(x) = 15*x**2 - x - 21. Let q(v) = 7*v**2 - 10. Let p(d) = -13*q(d) + 6*y(d). What is the units digit of p(s)?
9
Suppose 4*d + 0 = 12. Suppose d*h = 4 + 26. What is the units digit of h?
0
Suppose -4*z = -5*k + 173, 2 = -2*z + 8. What is the units digit of k?
7
Let l(u) = -u**2 - 5*u - 7. Let v(m) = 2*m**2 + 10*m + 13. Let s(g) = 5*l(g) + 3*v(g). Let d(h) = -h. Let x be d(5). What is the units digit of s(x)?
4
Let t = 80 - 13. What is the tens digit of t?
6
Let i(h) be the first derivative of h**5/60 + h**4/3 + h**3/6 + h**2 - 2. Let s(m) be the second derivative of i(m). What is the units digit of s(-8)?
1
What is the units digit of ((-217)/21)/((-2)/6)?
1
Suppose -2*y = -0*y. Suppose 0 = -y*m + 4*m - 228. Let h = m + -36. What is the tens digit of h?
2
What is the hundreds digit of -4 + (1 - -1) - (-160 + 1)?
1
Suppose 3 + 5 = -4*w. What is the units digit of (w - (-12)/10)*-5?
4
Let o(w) = w**3 - 6*w**2 + 5*w + 2. Let n be o(5). Suppose -s = n*s. What is the units digit of (1 - (s - 4))/1?
5
Let u be (-59 + 1)/((-6)/3). Suppose 16 = 5*k - u. Suppose -5*p - 4*f + 60 = -k*f, -3*p + 21 = 2*f. What is the units digit of p?
9
Suppose 0*i - 3*o - 12 = -4*i, -12 = -4*i + 2*o. Let a be (15/3)/(i/3). Suppose 4*h + 0*q = 2*q + 40, 5*h - 60 = a*q. What is the units digit of h?
8
Let a be -6 - (2/1 - 1). Let l be 3 - 1 - 5*-2. Let h = l + a. What is the units digit of h?
5
Let y = 1 - -4. What is the tens digit of (-5)/((-75)/48)*y?
1
Let r = 2 + 2. Suppose 3*c + 1 = 4*n - 4, -5*n = -r*c - 6. What is the units digit of 9*(n/(-3))/(-2)?
3
Suppose -159 = -5*u - 54. What is the units digit of u?
1
Let r = -1 + 6. Let j = -1 + 2. Let i = r - j. What is the units digit of i?
4
Let n = -4 - -4. Suppose n = 3*t - 3*u - 42, -5*t = -4*u - 116 + 43. Suppose 0 = 4*k - m - 29, 5*k + t - 42 = -m. What is the units digit of k?
6
Suppose 2*r + 5*t - 85 = 0, 9 = 5*r + t - 146. What is the tens digit of r?
3
Suppose 0*p + 3*p = -27. Let o(t) = 9 - t**3 + 9*t - 3*t**2 - 5*t**2 - 6. What is the units digit of o(p)?
3
Let a(v) = -v**3 + 5*v**2 + 6*v + 1. Let h = -2 - -8. Let r be a(h). Suppose r = 2*w - 5. What is the units digit of w?
3
Let c be 4 - 2*(-4)/(-8). Suppose 6*j - 48 = c*j. What is the units digit of j?
6
Let l = -3 - 0. Let o be 10/l*12/5. Let v = o - -11. What is the units digit of v?
3
Let s(m) = 12*m**2 + 4*m. What is the tens digit of s(-2)?
4
Let x(j) = j**3 + 6*j**2 - 6*j - 6. What is the units digit of x(-6)?
0
Let j(t) be the first derivative of t**4 - t**3 + t**2/2 + 2*t - 3. What is the tens digit of j(2)?
2
Suppose -5*z - 4*a + 152 = 0, 0 = -4*z - 2*a - 2*a + 124. What is the tens digit of z?
2
Let y = 49 - -128. What is the tens digit of y?
7
Let r(j) = j**3 + 6*j**2 + j + 4. Let f be r(-6). What is the units digit of (-1 - f)*(6 + 3)?
9
Let y = 21 + -18. Let c = 0 + y. What is the units digit of c?
3
Suppose 5*m - 2*m - 59 = 5*j, j = -3*m + 53. What is the units digit of m?
8
Suppose 46 = -4*h - 46. Suppose 4*c - 133 = -n - 1, -4*c + 148 = 5*n. Let l = c + h. What is the units digit of l?
9
Let q(d) = d**2 + 0*d**2 - 3 - 3*d + 2*d**2. Let i(c) = 8*c**2 - 9*c - 9. Let m(n) = -4*i(n) + 11*q(n). What is the units digit of m(-2)?
1
Suppose 0 = 5*p + 3*i - 91, -p + 3*i + 7 = -22. Suppose 0*m + 5*m = -p. Let c = -2 - m. What is the units digit of c?
2
Let p be 26/8 - 1/4. Suppose -17 = -5*y + p. Suppose -6*i = -3*d - y*i + 10, 6 = 3*d - 3*i. What is the units digit of d?
6
Let c = -8 + 143. What is the tens digit of c?
3
Let l(v) = v**2 + 8*v - 5. Let s be l(-12). Let i = s + -31. What is the units digit of i?
2
Suppose 13*t = 9*t + 2*q + 732, q = t - 181. What is the hundreds digit of t?
1
What is the tens digit of ((-38)/(-5))/((-5)/(-25))?
3
Suppose -p = -5*n + 1, -2*n - n + 5 = -5*p. Suppose -h = -n*h + 6. Let d = h + 13. What is the units digit of d?
7
Let p(q) = -2*q**2 - 5*q + 4. Let m be p(